4366263
List the prime factors of 54263014.
2, 13, 17, 293, 419
What are the prime factors of 645123071?
4219, 152909
List the prime factors of 509381559.
3, 56597951
List the prime factors of 3569521580.
2, 5, 178476079
What are the prime factors of 7642795952?
2, 11, 29, 181, 8273
List the prime factors of 449041564.
2, 521, 215471
What are the prime factors of 322606253?
43, 787, 9533
List the prime factors of 7569986407.
467, 967, 16763
What are the prime factors of 17716321?
7, 47, 53849
List the prime factors of 313161016.
2, 7, 967, 5783
What are the prime factors of 67146761?
11, 79, 77269
What are the prime factors of 321571756?
2, 11, 2269, 3221
What are the prime factors of 1186132633?
7, 31, 53, 151, 683
What are the prime factors of 4129535572?
2, 8447, 122219
What are the prime factors of 32149289?
41, 784129
What are the prime factors of 120407815?
5, 11, 1051, 2083
List the prime factors of 382797160.
2, 5, 17, 349, 1613
What are the prime factors of 1192302?
2, 3, 66239
What are the prime factors of 94687085?
5, 18937417
What are the prime factors of 36955854?
2, 3, 13, 157931
List the prime factors of 992829537.
3, 7, 43, 379, 967
List the prime factors of 186038967.
3, 31, 67, 73, 409
What are the prime factors of 1846826781?
3, 73, 167, 50497
What are the prime factors of 52016887?
13, 1021, 3919
List the prime factors of 569014727.
337, 1688471
What are the prime factors of 55646571?
3, 109, 167, 1019
List the prime factors of 719751573.
3, 1097, 72901
List the prime factors of 442940326.
2, 569, 389227
What are the prime factors of 127706028?
2, 3, 23, 79, 5857
List the prime factors of 528073109.
528073109
What are the prime factors of 577004348?
2, 107, 691, 1951
What are the prime factors of 1806189434?
2, 7, 129013531
List the prime factors of 64517300.
2, 5, 23, 28051
List the prime factors of 818434.
2, 409217
List the prime factors of 153817576.
2, 11, 787, 2221
List the prime factors of 32157708.
2, 3, 11, 179, 1361
List the prime factors of 7740065018.
2, 7, 23, 24037469
What are the prime factors of 1753000841?
24733, 70877
What are the prime factors of 485582159?
485582159
What are the prime factors of 1446264982?
2, 61, 557, 21283
What are the prime factors of 117546377?
13, 9042029
What are the prime factors of 480821818?
2, 2351, 102259
List the prime factors of 2397316833.
3, 643, 414259
List the prime factors of 1608730647.
3, 31, 1637, 10567
List the prime factors of 3948429387.
3, 7, 19, 181, 54673
List the prime factors of 1749837585.
3, 5, 19, 23, 266947
What are the prime factors of 336283300?
2, 5, 127, 26479
List the prime factors of 10279972.
2, 31, 82903
What are the prime factors of 2071935132?
2, 3, 97, 1780013
What are the prime factors of 149910854?
2, 31, 2417917
What are the prime factors of 237086254?
2, 23, 5154049
List the prime factors of 1777014216.
2, 3, 17, 19, 43, 1777
What are the prime factors of 76314842?
2, 38157421
What are the prime factors of 197606190?
2, 3, 5, 6586873
What are the prime factors of 106035105?
3, 5, 11, 19, 149, 227
List the prime factors of 2463369.
3, 19, 23, 1879
What are the prime factors of 5304851932?
2, 173, 1117, 6863
List the prime factors of 153688690.
2, 5, 29, 529961
List the prime factors of 3248243911.
11, 26844991
What are the prime factors of 405078522?
2, 3, 1051, 64237
What are the prime factors of 2631484067?
37, 103, 823, 839
What are the prime factors of 81222574?
2, 73, 163, 3413
What are the prime factors of 1093320450?
2, 3, 5, 197, 4111
What are the prime factors of 322983512?
2, 1721, 23459
List the prime factors of 79543204.
2, 13, 17, 67, 79
What are the prime factors of 735954184?
2, 7, 23, 53, 10781
List the prime factors of 3478923057.
3, 211, 5495929
List the prime factors of 151789667.
41, 3702187
What are the prime factors of 1675836754?
2, 643, 1303139
List the prime factors of 37216685.
5, 11, 89, 7603
What are the prime factors of 119229674?
2, 19, 3137623
What are the prime factors of 74616253?
83, 691, 1301
What are the prime factors of 13442035?
5, 149, 18043
What are the prime factors of 5321407207?
31, 659, 260483
List the prime factors of 447014995.
5, 7, 19, 109, 881
What are the prime factors of 543005638?
2, 7, 38786117
What are the prime factors of 121391785?
5, 24278357
What are the prime factors of 346931669?
7, 29, 1201, 1423
List the prime factors of 42359182.
2, 21179591
What are the prime factors of 933577453?
933577453
List the prime factors of 524464413.
3, 11, 15892861
List the prime factors of 913889258.
2, 6967, 65587
What are the prime factors of 158071618?
2, 61, 197, 6577
List the prime factors of 277510084.
2, 73, 269, 3533
What are the prime factors of 832042456?
2, 7, 14857901
What are the prime factors of 597499338?
2, 3, 99583223
List the prime factors of 949807023.
3, 11, 28782031
List the prime factors of 3728956823.
3728956823
List the prime factors of 159896052.
2, 3, 1480519
What are the prime factors of 48967354?
2, 37, 661721
List the prime factors of 425733462.
2, 3, 7, 11, 14627
List the prime factors of 30441724.
2, 19, 263, 1523
What are the prime factors of 29008449?
3, 107, 3347
What are the prime factors of 54336055?
5, 61, 178151
List the prime factors of 70229724.
2, 3, 5852477
What are the prime factors of 19439074?
2, 317, 30661
List the prime factors of 1258942986.
2, 3, 7, 158597
List the prime factors of 3764251727.
3764251727
List the prime factors of 215783715.
3, 5, 7, 31, 66293
List the prime factors of 445528771.
13007, 34253
What are the prime factors of 3130576656?
2, 3, 17, 167, 22973
List the prime factors of 129430554.
2, 3, 11, 17, 10487
List the prime factors of 673466953.
1453, 463501
List the prime factors of 1508519874.
2, 3, 61, 67, 227, 271
List the prime factors of 1009401084.
2, 3, 397, 70627
What are the prime factors of 55946476?
2, 13986619
List the prime factors of 1958830005.
3, 5, 11, 71, 271, 617
List the prime factors of 1972783231.
2383, 827857
List the prime factors of 197071709.
43, 4583063
What are the prime factors of 234045248?
2, 1031, 3547
What are the prime factors of 1067089712?
2, 13, 137, 37447
What are the prime factors of 4394688825?
3, 5, 6029, 9719
What are the prime factors of 186152324?
2, 53, 878077
What are the prime factors of 62735967?
3, 7, 17, 19, 3083
List the prime factors of 157108078.
2, 23, 3415393
List the prime factors of 201661135.
5, 13, 317, 9787
List the prime factors of 30277118.
2, 47, 322097
List the prime factors of 811941233.
17, 383, 124703
What are the prime factors of 1652878792?
2, 9811, 21059
What are the prime factors of 122009798?
2, 61004899
List the prime factors of 261048932.
2, 2551, 25583
List the prime factors of 600032.
2, 17, 1103
List the prime factors of 371883217.
371883217
List the prime factors of 462960636.
2, 3, 6067, 6359
List the prime factors of 2643199530.
2, 3, 5, 173, 509287
What are the prime factors of 3496966258?
2, 38333, 45613
List the prime factors of 1201436666.
2, 600718333
What are the prime factors of 427142248?
2, 13, 71, 57847
What are the prime factors of 27407705?
5, 13, 421657
List the prime factors of 38027670.
2, 3, 5, 1267589
What are the prime factors of 61384041?
3, 19, 119657
What are the prime factors of 148397635?
5, 29679527
What are the prime factors of 715756628?
2, 178939157
List the prime factors of 24009779.
31, 193, 4013
What are the prime factors of 554728915?
5, 13, 59, 79, 1831
List the prime factors of 249181729.
249181729
List the prime factors of 650742031.
17, 127, 301409
What are the prime factors of 20227885?
5, 4045577
What are the prime factors of 43281018?
2, 3, 11, 218591
List the prime factors of 985551603.
3, 19, 17290379
What are the prime factors of 268679582?
2, 134339791
List the prime factors of 44685574.
2, 22342787
List the prime factors of 142879104.
2, 3, 73, 1699
List the prime factors of 35145247.
997, 35251
What are the prime factors of 50469022?
2, 17, 397, 3739
What are the prime factors of 86494941?
3, 13, 739273
List the prime factors of 2133858039.
3, 83, 8569711
What are the prime factors of 32741716?
2, 7, 1169347
List the prime factors of 2278564735.
5, 211, 1129, 1913
List the prime factors of 29167695.
3, 5, 72